is the value of (-55 - (-1 + 0)) + (330 - 322)?
-46
Calculate (-8 - (1 + 60)) + 103.
34
What is the value of (-122 - (229 + -327)) + 0 + 0 + -61?
-85
Evaluate 989 + -948 - (8 + 2).
31
Evaluate (26 - 21) + -69 + -10.
-74
What is the value of -81 - 197 - -379 - (0 + -1)?
102
-18 - (-10 + 15 + -12) - (10 + -40)
19
Evaluate -5 - (0 + -2 + (6 - -8 - 28)).
11
What is the value of (27 - 0) + 827 + -861?
-7
16 - (13 - (10 - 10)) - 6 - 11
-14
What is -19 + (3 - 0 - 12) + -12 + 9?
-31
What is the value of -67 + (-16 - -120) + -46?
-9
What is -18 + -17 + 0 + 5 + 18 + 6?
-6
What is (-291 - -322) + -1 + -74?
-44
Evaluate -29 + -15 + (-1 + 4 - (19 + -24)).
-36
Evaluate -12 - (-6 - 0 - (-20 - (-12 + 4) - 64)).
-82
What is 73 - (-6 + 87 - 35)?
27
What is 6 + -8 - -3 - 77 - 7?
-83
What is the value of (1 - -17) + (42 - (16 + 11 + 1))?
32
6 - (-1 + -3 + -3) - (-95 + 77)
31
Evaluate 2 + -22 + -34 + -23 + 77.
0
What is 2 + -20 + 369 + -323?
28
(-3 - -4) + 0 + 13778 + -13816
-37
What is (41 - (28 - (-18 - 35))) + 82?
42
What is the value of 236 + 24 + -148 + -36?
76
Calculate -59 - (-32 + 17 + -1 + -12 + 21).
-52
What is the value of (-111 - -18) + -1 + 25 + 9?
-60
What is the value of -44 + -10 + 4 - (-64 + 88)?
-74
Evaluate 2 + (-4 - -108) + -25 + -15 + (21 - -8).
95
What is the value of 15 + -11 + 31 + -1 - 8 - 3?
23
Calculate -1 + (-3 - -41) + -52 + 137 + -89.
33
What is the value of -9 + (10 - 7) + -2 + -2 + 2 + 2?
-6
Calculate (1 + 16 - (-13 + 14 - -20)) + -15.
-19
Evaluate 88 - 36 - (11 + 82).
-41
What is (0 - 8 - (-6 - (-25 - -74))) + -3 + -5?
39
What is the value of (-7 - 10) + 0 - (-57 - 18)?
58
What is 30 + 0 - 1 - (55 + 18 + -88)?
44
Evaluate -6 - ((-17 + 2 - (-21 - 47)) + 12).
-71
What is -5 - 2 - (-70 - -38) - (-21 - -22)?
24
What is the value of (-119 - (137 - 262)) + (-100 - 1)?
-95
What is (1 - 50) + (1805 - 1728)?
28
Evaluate 23 + ((0 - 2) + 4 - (1739 - 1585)).
-129
-10 + 38 - (-1 + (-8 - -1))
36
Calculate -1 + 1 + (-32 - (28 - 15)) + 33.
-12
What is the value of (-56 + 49 - (-16 - (-3 + 6))) + -61?
-49
Calculate 2 + -3 + 11 + 5 - 10 - -5.
10
Calculate -27 - (-20 + -1) - (-16 - 0).
10
(-28 - (28 + -77)) + 9
30
Calculate 62 + -24 - (87 - (-14 + -18)).
-81
What is (-38 - (-30 + 11 - 16)) + -81 + 1?
-83
Evaluate -4803 - -4852 - (-2 - -48) - (19 + 0 + 0).
-16
202 + (101 - 228) + 62
137
What is 7 - (15 + -20 - (4 + 10))?
26
What is the value of 7 + -1 - -13 - (-148 + 142)?
25
Evaluate -2 + -1 + -12 + (-41 - -88).
32
-2 - 6 - 4 - (-26 - -1)
13
Evaluate 20 + (7 - 138) + -29 + 45.
-95
Evaluate (-11 + -15 - -8) + 9 + -5 + -29.
-43
Calculate -9134 - -9145 - (74 - 2).
-61
Calculate (0 - (-1 - -29)) + (8854 - 8838) + 0 + 23.
11
What is the value of 0 - (4 - 4) - -4 - ((-53 - 23) + -11)?
91
What is (21 - (68 - 40)) + 44?
37
Calculate 18 + -14 + (-16 + 15 - -26) + -87.
-58
What is (-33 - 8) + (-93 + 191 - 82)?
-25
What is the value of 133 - 133 - (-9 + (-2 - -1) + -1)?
11
What is 6 - ((-19 - (12 + 18)) + 22)?
33
What is the value of (12 - -1) + -54 - (-12 - -16)?
-45
Evaluate (-7 - 5) + (23 - 25 - -21) + -15.
-8
Calculate 1 - 57 - (278 + -319).
-15
(-7 - 2) + 7 + -25 + (1 - 12)
-38
-8 + (10 - 0 - 6) + -24 + 6
-22
-20 + (-26 + 69 - 33 - (-100 - -2))
88
What is the value of -16 - (6 + 2 - 36) - (-7 - -12)?
7
Evaluate 48 + -3 - (-534 + 597).
-18
What is 29 + -13 + -27 - (79 + (-19 - -12))?
-83
80 + -93 + -7 + -27
-47
What is 7 + 5 - (-144 - -30) - 42?
84
What is 35 + -22 + 3 - (20 + -1)?
-3
What is the value of (-14 - (1 + -21 + 13) - -2) + -91?
-96
What is the value of (14 - (0 + 0 + 3 + -2)) + 349 + -396?
-34
What is the value of (2 - (27 - -2)) + (4 - (-29 + 56 - 29))?
-21
What is (-5 - (23 + 5)) + (-234 - -274)?
7
What is -1 + 0 + 29 + (-30 - -8) + 0?
6
What is the value of (24 + -21 - (-24 - 5)) + 13?
45
What is the value of 93 - (-172 + 88 - -93)?
84
What is (24 - -2) + -625 + 569?
-30
(326 - 323) + (2 - -18 - -7)
30
What is (29 - 38) + (21 - (-2 + 4 - 0))?
10
What is (-77 - (-162 - -46)) + -131?
-92
What is (-1 + -1 - -59) + 4552 + -4564?
45
What is -4 - (-3 - -27 - ((12 - 3) + -19))?
-38
Calculate 167 + -42 + 0 + 588 + -572.
141
What is the value of (1651 - 1745) + (-1 - -137)?
42
54 + (118 - 92) + 9
89
Calculate -12 + -3 + 2 + -13 + -800 + 777.
-49
What is -30 - ((7 - 49) + -6)?
18
What is the value of -14 + (56 - 8) + -9 - -16 - 5?
36
Evaluate 3843 + -3823 + (3 - -79 - 4).
98
Calculate 1 - -76 - (1353 - 1267).
-9
Calculate -36 + (-193 - -215) + (0 - 31).
-45
2 + 12 + 2 + 2404 + -2423
-3
What is the value of 80 + (1 - (10 + 30))?
41
Calculate 11 - (58 + -24 + 5 + -1).
-27
Calculate -73 + (10 - 14) + 74 + -52.
-55
What is (-264 - -252) + (1 - -64) + 3 + -8?
48
What is ((-14 - -45) + -4 - 19) + 30?
38
What is (39 - 16) + 19 - 84?
-42
3644 + -3757 - (-127 - 3)
17
-54 + (-22 - (19 + -42)) - -10
-43
What is the value of (17 - (10 - -3 - (17 + -15))) + -32?
-26
What is the value of (14302 - 14193) + -102 + 0?
7
Evaluate (148 + -167 - (-4 - 0)) + 6.
-9
Evaluate 8 - 17 - -9 - (-28 - 25).
53
What is the value of 70 + -73 - (4 - 21) - 10?
4
-54 - -33 - (-1 - 18) - -55
53
What is (-363 - -462) + 14 + -28?
85
What is the value of -40 + (27 - (9 + 5 + -3) - 30)?
-54
Calculate -91 - (-20 + -2) - (-4 - (3 - (4 - 6))).
-60
Calculate (-97 + -12 - -10) + 3 + 8 + -6 + -1.
-95
Evaluate -2 - 25 - (977 - 939).
-65
Calculate (79 - 13) + (6 - (-6 + 9)) + -9 + -2.
58
What is the value of 6 + -30 - (-544 - -470)?
50
65 + (61 - 57) + -35
34
What is 89 + -1 + -84 + 33 + 57?
94
54 - -22 - 25 - (-1 + 13)
39
What is the value of (3 + -43 - -32) + 9 - (84 + 0 + 1)?
-84
What is (3 - -15) + (-12 - (-10 + -8)) + 87?
111
What is 41 + -6 - (-28 - (-19 - 19))?
25
What is the value of -90 - 1 - (71 - 168 - -70)?
-64
(-2 - (-6 - -1)) + 59 - ((26 - 31) + 10)
57
What is (-20 - -14) + 3 + -25 - 13?
-41
Evaluate 15 + -21 + 18 + -9 + 11 + -37.
-23
Evaluate 6 + -3 + -33 - (27 + -2 - (-59 - -79)).
-35
Calculate (4007 - 4052) + 0 + 84.
39
(-67 - -106) + -4 + -48
-13
Calculate 50 - (488 - 493 - (-2 - (-3 + 1))).
55
50 - (91 + -38) - -27
24
What is the value of 16 + -15 + (14 - 53)?
-38
(10 - (8 - 9)) + (-2 - -3 - (102 - 30))
-60
What is 8786 - 8720 - (-4 - (2 + -1))?
71
What is the value of -177 + 149 + -2 - (-25 + 0)?
-5
What is -1 + -21 + 2 + (12 + 11 + -16 - 1)?
-14
Calculate 24 + -53 - (-83 + 15).
39
Calculate 5 + -54 + (-25 + 0 + -1 - -14).
-61
Calculate 9 + (4 - 2) + (-133 - (115 + -193)).
-44
What is -20 + -1 + 35 + -67 + 40?
-13
Evaluate -5 + 3 + -1 - ((117 - 106) + -61 + -20).
67
What is the value of 8 + (159 - 145) + (1 - 155) + -12 - 1?
-145
What is the value of -52 - (-31 - -2 - 15)?
-8
What is 15 + 7 + 35 + -3 + -15 - 9?
30
Calculate 70 + -58 - (-1 + 9) - (-46 - -3).
47
What is the value of -3 - (-431 - -427 - (-1 + 9))?
9
Evaluate 2 + -12 + 2 + (27 - -17) + -10.
26
Calculate -4 + (-5 + 8 + 10 - 56) + 8.
-39
What is -2 + 4 - -6 - ((8 - (28 + -29)) + -10)?
9
What is 44 + (0 + -2 + (2 - 0) - -12)?
56
Calculate 22 + 50 + (273 - 246).
99
What is the value of (-16 - (-16 - -6)) + 1 + -10 + -9?
-24
What is the value of 3 + -1 + 1 - (-23 - (-1 + 9 - -36))?
70
Calculate -18 - (-7 + (-43 - -13) - -14).
5
(7 - (73 + -123)) + -8
49
What is -64 - -12 - (-351 - -272)?
27
-7 - (-5 + -45 - 4) - -6
53
Calculate (13 - (0 + -5)) + 35.
53
What is the value of -7 - (17 - (23 + -62)) - (-4 - (-1 + -4))?
-64
What is 1 + -2 + (32 - 12 - -16 - (2 + -3))?
36
Calculate -11 + -1 + 22 - (3 - -6 - -14 - -3).
-16
Calculate -51 - (4 + -61) - -36.
42
Calculate 3 + -32 + -4 - (-3 + -3 + -12).
-15
What is the value of -52 + (43 - (-31 - -39))?
-17
What is the value of (-3 + 1 + 8 - (-6 + -16 + 32)) + 84?
80
-375 - -339 - (3 + (-3 - 1))
-35
What is the value of (-22 - -22) + (-12 - (12 + -30)) - 70?
-64
-1 + (-8 - -3) + 0 + (5 - 2) - -36
33
Calculate -50 - ((4 - -10) + (62 - 97)).
-29
What is (45 - -79) + (-187 - -89)?
26
Calculate 25 + -1 - ((-4718 - -4713) + (15 - 0)).
14
What is the value of -124 + 59 + 43 + -18?
-40
What is the value of -1 + (-1 - -102) + 146 + -171 + 3 + 19?
97
Evaluate 77 + (-34 + 116 - 46).
113
Calculate -10 + (-29 - (9 - 17)) + -11.
-42
-12 + 20 + (-47 - -8 - -20)
-11
What is the value of 2 + (9 - 2) + (-129 - 14) + 15?
-119
Evaluate -7 + (-5 - 42) + 24 - (-17 - -1).
-14
Calculate 71 - (19 - (-